{"id":1155,"date":"2025-12-04T14:08:28","date_gmt":"2025-12-04T14:08:28","guid":{"rendered":"https:\/\/isa.net.al\/?page_id=1155"},"modified":"2025-12-04T18:48:28","modified_gmt":"2025-12-04T18:48:28","slug":"tech-space","status":"publish","type":"page","link":"https:\/\/isa.net.al\/index.php\/tech-space\/","title":{"rendered":"TECH SPACE"},"content":{"rendered":"<div class=\"fusion-fullwidth fullwidth-box fusion-builder-row-1 fusion-flex-container nonhundred-percent-fullwidth non-hundred-percent-height-scrolling\" style=\"--awb-border-radius-top-left:0px;--awb-border-radius-top-right:0px;--awb-border-radius-bottom-right:0px;--awb-border-radius-bottom-left:0px;--awb-flex-wrap:wrap;\" ><div class=\"fusion-builder-row fusion-row fusion-flex-align-items-flex-start fusion-flex-content-wrap\" style=\"max-width:1216.8px;margin-left: calc(-4% \/ 2 );margin-right: calc(-4% \/ 2 );\"><div class=\"fusion-layout-column fusion_builder_column fusion-builder-column-0 fusion_builder_column_1_1 1_1 fusion-flex-column\" style=\"--awb-bg-color:#ffffff;--awb-bg-color-hover:#ffffff;--awb-bg-size:cover;--awb-width-large:100%;--awb-margin-top-large:0px;--awb-spacing-right-large:1.92%;--awb-margin-bottom-large:0px;--awb-spacing-left-large:1.92%;--awb-width-medium:100%;--awb-spacing-right-medium:1.92%;--awb-spacing-left-medium:1.92%;--awb-width-small:100%;--awb-spacing-right-small:1.92%;--awb-spacing-left-small:1.92%;\"><div class=\"fusion-column-wrapper fusion-flex-justify-content-flex-start fusion-content-layout-column\"><div class=\"fusion-text fusion-text-1\"><\/p>\n<h3 style=\"text-align: center;\">OFROJM\u00cb SH\u00cbRBIME AMBIENTESH ME MARR\u00cbVESHJE<\/h3>\n<blockquote style=\"text-align: center; --fontsize: 16; line-height: 1.2; --minfontsize: 16;\">\n<h4>ISANET SHPK, ofron p\u00ebr k\u00ebdo q\u00eb interesohet, sh\u00ebrbimin e internetit n\u00eb ambientet e biznesit me nj\u00eb tavolin\u00eb pune dhe kushte t\u00eb p\u00ebrshtatshme p\u00ebr lexim, studim apo lundrim me shpejt\u00ebsi n\u00eb web, me nj\u00eb pages\u00eb mujore. Ambienti disponon tavolin\u00eb pune, karrike, PC n\u00eb rast se nuk keni laptop, ngrohje dhe ftohje, uj\u00eb t\u00eb pijsh\u00ebm, qet\u00ebsi dhe ndri\u00e7im t\u00eb p\u00ebrshtatsh\u00ebm p\u00ebr nevojat tuaja. Plot\u00ebsoni t\u00eb dh\u00ebnat e m\u00ebposht\u00ebme dhe d\u00ebrgoni mesazhin tuaj p\u00ebr tu rregjistruar ose p\u00ebr pyetjet q\u00eb mund t\u00eb keni.<\/h4>\n<\/blockquote>\n<h3 class=\"fusion-responsive-typography-calculated\" style=\"text-align: center; --fontsize: 22; line-height: 1.2;\" data-fontsize=\"22\" data-lineheight=\"26.4px\">Tel:<b> +355 4 453 2777<\/b><\/h3><\/p>\n<\/div><\/div><\/div><div class=\"fusion-layout-column fusion_builder_column fusion-builder-column-1 fusion_builder_column_1_1 1_1 fusion-flex-column\" style=\"--awb-bg-color:#ffffff;--awb-bg-color-hover:#ffffff;--awb-bg-size:cover;--awb-width-large:100%;--awb-margin-top-large:0px;--awb-spacing-right-large:1.92%;--awb-margin-bottom-large:20px;--awb-spacing-left-large:1.92%;--awb-width-medium:100%;--awb-order-medium:0;--awb-spacing-right-medium:1.92%;--awb-spacing-left-medium:1.92%;--awb-width-small:100%;--awb-order-small:0;--awb-spacing-right-small:1.92%;--awb-spacing-left-small:1.92%;\"><div class=\"fusion-column-wrapper fusion-column-has-shadow fusion-flex-justify-content-space-evenly fusion-content-layout-block\"><div class=\"fusion-text fusion-text-2\"><h4 style=\"text-align: left;\">Apliko tani p\u00ebr tu b\u00ebr\u00eb pjes\u00eb e Tech Space t\u00eb ISANET!<\/h4>\n<\/div><div class=\"wpforms-container wpforms-container-full wpforms-render-modern\" id=\"wpforms-1130\"><form id=\"wpforms-form-1130\" class=\"wpforms-validate wpforms-form wpforms-ajax-form\" data-formid=\"1130\" method=\"post\" enctype=\"multipart\/form-data\" action=\"\/index.php\/wp-json\/wp\/v2\/pages\/1155\" data-token=\"6f5e739e4e572f0db78991ad2ffa5eb6\" data-token-time=\"1776776558\"><noscript class=\"wpforms-error-noscript\">Please enable JavaScript in your browser to complete this form.<\/noscript><div class=\"wpforms-hidden\" id=\"wpforms-error-noscript\">Please enable JavaScript in your browser to complete this form.<\/div><div class=\"wpforms-field-container\"><div id=\"wpforms-1130-field_5-container\" class=\"wpforms-field wpforms-field-text\" data-field-id=\"5\"><label class=\"wpforms-field-label\" for=\"wpforms-1130-field_5\">Emri dhe Mbiemri <span class=\"wpforms-required-label\" aria-hidden=\"true\">*<\/span><\/label><input type=\"text\" id=\"wpforms-1130-field_5\" class=\"wpforms-field-medium wpforms-field-required\" name=\"wpforms[fields][5]\" placeholder=\"Shkruani emrin e plot\u00eb\" aria-errormessage=\"wpforms-1130-field_5-error\" required><\/div><div id=\"wpforms-1130-field_2-container\" class=\"wpforms-field wpforms-field-email\" data-field-id=\"2\"><label class=\"wpforms-field-label\" for=\"wpforms-1130-field_2\">Emaili <span class=\"wpforms-required-label\" aria-hidden=\"true\">*<\/span><\/label><input type=\"email\" id=\"wpforms-1130-field_2\" class=\"wpforms-field-small wpforms-field-required\" name=\"wpforms[fields][2]\" placeholder=\"Shkruani emailin tuaj\" spellcheck=\"false\" aria-errormessage=\"wpforms-1130-field_2-error\" required><\/div><div id=\"wpforms-1130-field_3-container\" class=\"wpforms-field wpforms-field-textarea\" data-field-id=\"3\"><label class=\"wpforms-field-label\" for=\"wpforms-1130-field_3\">Mesazhi <span class=\"wpforms-required-label\" aria-hidden=\"true\">*<\/span><\/label><textarea id=\"wpforms-1130-field_3\" class=\"wpforms-field-medium wpforms-field-required\" name=\"wpforms[fields][3]\" placeholder=\"Shkruani mesazhin tuaj\" aria-errormessage=\"wpforms-1130-field_3-error\" required><\/textarea><\/div><\/div><!-- .wpforms-field-container --><div class=\"wpforms-submit-container\" ><input type=\"hidden\" name=\"wpforms[id]\" value=\"1130\"><input type=\"hidden\" name=\"page_title\" value=\"\"><input type=\"hidden\" name=\"page_url\" value=\"https:\/\/isa.net.al\/index.php\/wp-json\/wp\/v2\/pages\/1155\"><input type=\"hidden\" name=\"url_referer\" value=\"\"><button type=\"submit\" name=\"wpforms[submit]\" id=\"wpforms-submit-1130\" class=\"wpforms-submit\" data-alt-text=\"Duke u d\u00ebrguar...\" data-submit-text=\"D\u00ebrgo\" aria-live=\"assertive\" value=\"wpforms-submit\">D\u00ebrgo<\/button><img decoding=\"async\" src=\"data:image\/svg+xml,%3Csvg%20xmlns%3D%27http%3A%2F%2Fwww.w3.org%2F2000%2Fsvg%27%20width%3D%2726%27%20height%3D%2726%27%20viewBox%3D%270%200%2026%2026%27%3E%3Crect%20width%3D%2726%27%20height%3D%2726%27%20fill-opacity%3D%220%22%2F%3E%3C%2Fsvg%3E\" data-orig-src=\"https:\/\/isa.net.al\/wp-content\/plugins\/wpforms-lite\/assets\/images\/submit-spin.svg\" class=\"lazyload wpforms-submit-spinner\" style=\"display: none;\" width=\"26\" height=\"26\" alt=\"Loading\"><\/div><\/form><\/div>  <!-- .wpforms-container -->\n<\/div><\/div><\/div><\/div>","protected":false},"excerpt":{"rendered":"","protected":false},"author":1,"featured_media":0,"parent":0,"menu_order":0,"comment_status":"closed","ping_status":"closed","template":"","meta":{"footnotes":""},"class_list":["post-1155","page","type-page","status-publish","hentry"],"_links":{"self":[{"href":"https:\/\/isa.net.al\/index.php\/wp-json\/wp\/v2\/pages\/1155","targetHints":{"allow":["GET"]}}],"collection":[{"href":"https:\/\/isa.net.al\/index.php\/wp-json\/wp\/v2\/pages"}],"about":[{"href":"https:\/\/isa.net.al\/index.php\/wp-json\/wp\/v2\/types\/page"}],"author":[{"embeddable":true,"href":"https:\/\/isa.net.al\/index.php\/wp-json\/wp\/v2\/users\/1"}],"replies":[{"embeddable":true,"href":"https:\/\/isa.net.al\/index.php\/wp-json\/wp\/v2\/comments?post=1155"}],"version-history":[{"count":20,"href":"https:\/\/isa.net.al\/index.php\/wp-json\/wp\/v2\/pages\/1155\/revisions"}],"predecessor-version":[{"id":1179,"href":"https:\/\/isa.net.al\/index.php\/wp-json\/wp\/v2\/pages\/1155\/revisions\/1179"}],"wp:attachment":[{"href":"https:\/\/isa.net.al\/index.php\/wp-json\/wp\/v2\/media?parent=1155"}],"curies":[{"name":"wp","href":"https:\/\/api.w.org\/{rel}","templated":true}]}}